6*p**2 + 1788*p + 63827. Give k(-35).
22
Let l(o) = 16*o**2 - 173*o - 356. Determine l(13).
99
Let j(g) = 11242*g - 113006. What is j(10)?
-586
Let v(m) = 394*m + 5383. What is v(-14)?
-133
Let r(z) = -58*z**2 + 440*z + 439. Calculate r(-1).
-59
Let y(z) = -z**2 + 5092*z + 61252. What is y(-12)?
4
Let j(k) = -4*k**2 - 99*k - 1575. Give j(-19).
-1138
Let d(i) = -19512*i + 39009. Calculate d(2).
-15
Let b(x) = x**2 - 431*x + 44291. Give b(263).
107
Let q(g) = g**2 - 15*g - 817. What is q(56)?
1479
Let p(v) = v**3 - 12*v**2 + 52*v - 229. Give p(9).
-4
Let o(k) = 3269*k - 75425. Give o(23).
-238
Let p(l) = 26*l**3 + 17886*l**2 - 1392*l - 11015. Give p(-688).
-7
Let j(s) = -2*s**3 + 613*s**2 + 242*s + 19923. Calculate j(307).
-32
Let w(a) = -11*a**2 + 741*a - 7602. What is w(10)?
-1292
Let a(o) = -2*o**3 - 66*o**2 - 137*o + 748. Give a(-31).
1151
Let c(x) = -91453*x - 1463251. What is c(-16)?
-3
Let h(w) = 545*w - 7109. Give h(13).
-24
Let h(a) = -3993*a + 71953. Give h(18).
79
Let f(h) = h**3 + 59*h**2 + 344*h + 4048. What is f(-54)?
52
Let q(y) = -y**3 - 15*y**2 + 54*y + 222. Determine q(-16).
-386
Let n(h) = -63213*h + 3287071. What is n(52)?
-5
Let b(i) = -i**2 - 4450*i - 383869. Calculate b(-88).
-13
Let d(x) = -2*x**3 + 1707*x**2 + 6015*x - 13717. What is d(857)?
-5
Let a(j) = 178*j + 8472. Calculate a(-33).
2598
Let x(w) = 7*w**3 - 25*w**2 + 467*w - 4514. Calculate x(7).
-69
Let g(p) = p**2 + 451*p + 10988. Determine g(-28).
-856
Let p(w) = 95*w + 39438. Calculate p(-415).
13
Let a(f) = -3335*f + 2087714. What is a(626)?
4
Let g(o) = -25*o**3 + 4643*o**2 - 3328*o - 101. Determine g(185).
269
Let j(l) = -9059*l - 3523947. Determine j(-389).
4
Let g(o) = -152*o + 1628. Give g(11).
-44
Let h(c) = 11*c**2 + 121*c + 772. Calculate h(-7).
464
Let l(g) = 94654*g + 283812. Calculate l(-3).
-150
Let r(x) = 15503*x**3 + 961200*x**2 + 867*x - 62. Give r(-62).
0
Let s(l) = -3*l**2 + 744*l - 45045. Give s(105).
0
Let n(k) = 127122*k - 1525462. Determine n(12).
2
Let u(p) = 6*p**2 + 1221*p + 26308. What is u(-179)?
-5
Let n(d) = 25*d**2 + 1422*d - 122. Determine n(-55).
-2707
Let q(u) = -u**3 + 576*u**2 + 2314*u - 8. Determine q(-4).
16
Let k(d) = -444*d**3 + 17*d**2 - d - 5. Calculate k(-1).
457
Let u(y) = y**2 - 2177*y - 159810. Give u(-71).
-202
Let q(z) = 254*z - 52811. Give q(207).
-233
Let f(o) = -110*o**2 + 56985*o - 2590. Determine f(518).
0
Let b(n) = 20754*n - 2428220. Determine b(117).
-2
Let i(c) = 1219*c + 8014. What is i(-7)?
-519
Let j(w) = -1604*w - 38259. What is j(-24)?
237
Let b(q) = 1831*q**2 + 34791*q + 8. What is b(-19)?
-30
Let b(t) = -3328*t + 3571. Determine b(1).
243
Let z(q) = 2945*q**2 - 468254*q - 149. Calculate z(159).
10
Let r(w) = w**3 + 1527*w**2 - 16911*w - 88. Calculate r(11).
-11
Let c(i) = 2*i**3 - 418*i**2 + 3*i - 606. Calculate c(209).
21
Let k(i) = 415*i - 4468. What is k(11)?
97
Let n(z) = -2*z**3 - 80*z**2 + 31*z + 4254. Calculate n(-39).
3
Let z(c) = 1258*c + 19670. Calculate z(-16).
-458
Let x(w) = -23082*w + 184637. Give x(8).
-19
Let b(k) = 72245*k + 577982. Give b(-8).
22
Let a(y) = 4*y**3 - 79*y**2 + 79*y - 679. Give a(20).
1301
Let b(j) = 28074*j + 7748422. Calculate b(-276).
-2
Let j(p) = -3*p**2 + 389*p + 658. Give j(132).
-266
Let p(o) = o**2 + 324*o + 22580. Determine p(-104).
-300
Let v(u) = -431*u + 9901. Calculate v(19).
1712
Let r(o) = -2*o**2 + 953*o - 100952. What is r(159)?
13
Let j(x) = 752*x + 5197. Calculate j(-7).
-67
Let k(t) = 2044*t - 22552. Determine k(11).
-68
Let h(v) = 2*v**3 + 3*v**2 - 7893*v + 31583. Give h(4).
187
Let u(z) = -2522*z + 52506. What is u(21)?
-456
Let y(q) = 19491*q - 740743. Calculate y(38).
-85
Let z(t) = -357*t - 1123. Calculate z(-5).
662
Let u(s) = -10*s**3 + 76*s**2 + 105*s - 601. Give u(8).
-17
Let r(g) = -g**2 - 234*g - 3536. Determine r(-16).
-48
Let h(w) = -215*w**2 - 2168*w - 2130. Give h(-9).
-33
Let d(u) = -8*u**2 + 201*u + 18. What is d(6)?
936
Let a(r) = -r**3 + 101*r**2 + 3928*r + 295. Give a(131).
33
Let r(g) = 32861*g + 131991. Calculate r(-4).
547
Let q(y) = -3*y**2 - 328*y + 10930. Determine q(-136).
50
Let f(y) = -3878*y + 4401608. Calculate f(1135).
78
Let z(k) = -17*k**2 + 7*k - 68. Determine z(-7).
-950
Let q(x) = 7*x**2 + 116*x - 27930. Give q(-72).
6
Let s(h) = 10*h**2 - 306*h + 1849. Determine s(7).
197
Let c(v) = -v**2 - 982*v + 21038. Calculate c(21).
-25
Let r(k) = 6802*k - 462529. What is r(68)?
7
Let o(i) = -1404349*i - 7021741. Determine o(-5).
4
Let k(m) = 852*m + 92808. Calculate k(-109).
-60
Let g(p) = -1660*p**2 + 8854*p - 8855. Calculate g(1).
-1661
Let w(f) = -13607*f + 299323. Calculate w(22).
-31
Let q(x) = -6249*x - 56239. What is q(-9)?
2
Let b(n) = -18*n**3 + 58*n**2 - 112*n + 4. Determine b(2).
-132
Let s(f) = -f**3 - 110*f**2 - 787*f - 6809. Determine s(-103).
-11
Let r(w) = w**3 - 365*w**2 - 77*w + 28108. Determine r(365).
3
Let v(b) = 38*b**3 + 27*b**2 - 77*b - 270. Calculate v(5).
4770
Let p(u) = -u**3 - 30*u**2 - 220*u - 463. Determine p(-6).
-7
Let a(v) = 2205*v**3 - 19691*v**2 - 1388*v + 7. What is a(9)?
-11
Let r(f) = f**3 + 115*f**2 + 115*f + 167. Calculate r(-114).
53
Let h(r) = -4*r**3 - 575*r**2 - 5705*r + 1830. Calculate h(-133).
-32
Let b(y) = -42364*y - 889636. What is b(-21)?
8
Let u(d) = 36*d**2 - 1526*d - 12450. Determine u(-7).
-4
Let b(k) = k**2 + 98*k + 2394. Calculate b(-43).
29
Let z(h) = -1070388*h + 67434447. Calculate z(63).
3
Let r(i) = -2*i**2 - 27*i - 182. What is r(-18)?
-344
Let g(j) = -j**3 - 52*j**2 - 495*j + 81. Determine g(-13).
-75
Let g(u) = -4547*u - 568368. What is g(-125)?
7
Let h(q) = -4531*q - 140498. Give h(-31).
-37
Let w(l) = l**3 - 208*l**2 - 45825*l + 427. Calculate w(-134).
25
Let o(c) = c**3 - 50*c**2 + 245*c + 2286. What is o(43)?
-122
Let k(d) = d**3 - 708*d**2 - 93707*d - 823. Determine k(822).
-1
Let j(l) = -2149*l**2 + 944*l. Calculate j(1).
-1205
Let y(v) = 932*v + 108096. Determine y(-116).
-16
Let x(d) = 5*d**2 + 721*d + 4790. Determine x(-7).
-12
Let u(n) = 60*n + 1590. Calculate u(-24).
150
Let y(v) = -12*v**2 + 8477*v + 77274. Calculate y(-9).
9
Let d(l) = 5*l**3 + 229*l**2 - 51*l - 114. What is d(-46)?
116
Let i(v) = -16*v**2 + 2655*v - 70078. What is i(133)?
13
Let p(f) = -3*f**3 + 423*f**2 - 14850*f - 18. What is p(66)?
-18
Let u(p) = 25*p**3 - 1906*p**2 + 455*p + 12. Determine u(76).
-64
Let q(t) = -838*t - 10018. Calculate q(-12).
38
Let q(h) = 88198*h + 29281744. Give q(-332).
8
Let k(o) = -191*o**3 - 2*o**2 + 5*o + 8. What is k(-1)?
192
Let o(w) = -1748*w + 19157. Give o(11).
-71
Let d(b) = -239*b - 2610. Calculate d(-11).
19
Let q(d) = 89452*d - 715565. Give q(8).
51
Let b(x) = x**3 + 10*x**2 + 16*x + 271. What is b(0)?
271
Let j(i) = 1145*i - 259982. Determine j(227).
-67
Let w(c) = -c**3 + 266*c**2 + 612*c - 20345. Calculate w(268).
23
Let m(r) = 4*r**2 - 40*r - 772. Calculate m(-11).
152
Let b(g) = 6580*g + 447515. Determine b(-68).
75
Let g(w) = 569*w + 7338. What is g(-13)?
-59
Let p(c) = 310*c - 48660. Calculate p(157).
10
Let r(y) = -11112*y + 5489350. Determine r(494).
22
Let j(a) = -3*a**3 + 18*a**2 + 1607*a - 4930. Calculate j(3).
-28
Let p(f) = 258*f - 17717. Calculate p(69).
85
Let w(g) = 1209*g**3 - 22965*g**2 - 112*g - 44. Calculate w(19).
-6
Let f(q) = 4*q**3 + 1708*q**2 + 148103*q - 300. Calculate f(-306).
6
Let y(t) = t**3 - 99*t**2 + 369*t + 1081. Calculate y(95).
36
Let s(y) = -146*y + 12833. Determine s(89).
-161
Let x(g) = -3392*g - 27145. What is x(-8)?
-9
Let a(l) = -3*l**2 - 2566*l - 369034. Calculate a(-183).
77
Let c(z) = -16*z**2 + 1022*z + 188. Determine c(64).
60
Let f(g) = 397*g**2 - 11290*g - 6467. Determine f(29).
0
Let o(y) = 28*y**2 + 485*y - 2914. Calculate o(6).
1004
Let s(r) = -4*r**2 + 735*r + 81675. What is s(-78)?
9
Let p(i) = 2*i**2 + 4722*i + 2778325. What is p(-1247)?
9
Let y(s) = -6472*s - 543649. Calculate y(-84).
-1
Let v(n) = 7140*n + 6266. Give v(-1).
-874
Let t(z) = -490*z**2 - 475*z + 476. Calculate t(1).
-489
Let f(c) = -96775*c - 580644. What is f(-6)?
6
Let q(d) = 1393269*d + 41798066. Calculate q(-30).
-4
Let r(h) = -h**3 + 17*h**2 - 33*h - 421. What is r(11)?
-58
Let h(z) = -122*z**2 + 1907*z - 1175. Give h(15).
-20
Let h(l) = -28556*l**2 - 85668*l - 6. What is h(-3)?
-6
Let g(y) = 487*y - 10259. Wh